.
-3
What is the value of 3 + 3 + -5 + -4?
-3
Evaluate -2 - (-2 + 1) - (-2 + 1).
0
What is -3 - (1 + (-4 - -6))?
-6
Evaluate 8 + (-5 + -5 - -3).
1
15 + (0 - (4 + 5))
6
What is -1 - (2 + 1 + -2)?
-2
What is 2 + -13 + 11 - (0 - -5)?
-5
9 + -2 - -3 - 6
4
Evaluate 9 - (4 + 7) - 4.
-6
-1 + -1 + 1 + (-6 - -2)
-5
What is 2 + (3 - (4 - 4)) + -9?
-4
0 - (-3 - (-6 - -4))
1
What is 1 - 0 - (-21 + 18) - 15?
-11
-11 + 0 - (0 + 0 - 4)
-7
Calculate (-1 - 5) + (-7 - -10).
-3
What is (-36 - -45) + -17 + 2?
-6
Evaluate 12 + (7 - 27) - 1.
-9
(-4 + 0 - -6) + -2
0
Evaluate (3 + 2 - 7) + -3 + 3.
-2
-2 + -2 - (-15 + (1 - -8))
2
What is the value of (4 - 1) + -3 - -4?
4
(13 - (7 + -4)) + -10
0
Evaluate -7 + 1 + (18 + -2 - 17).
-7
What is the value of 7 + 1 + -6 - 3?
-1
What is the value of 1 + -4 - 3 - 0 - -4?
-2
What is -8 - (-2 - (-6 - -6))?
-6
Evaluate -4 - (8 - 2 - 3) - -3.
-4
Calculate 2 - (0 + 5 + (0 - 7)).
4
Calculate -6 + 6 + -2 + -1 + 0.
-3
Calculate -6 + 5 + 1 - -5.
5
What is (0 - 4) + 0 + 20 - 5?
11
Evaluate (1 - 11) + 24 + -17.
-3
-9 + (2 + 5 - -8)
6
Calculate (1 - (-13 - -13)) + -1 + 0.
0
What is the value of 0 - (5 + 3 + -12)?
4
(-5 - (2 - 8)) + -5 + 0
-4
Calculate 6 - (-5 - -10 - -7).
-6
What is the value of -3 + -1 - (1 - 5)?
0
1 + (-9 - -4) + 5
1
What is -41 - -45 - (-1 + 9)?
-4
What is the value of 8 + -18 - (0 + -2 + -3)?
-5
Evaluate (-7 - -9) + (-1 - -4).
5
What is the value of (-6 + -3 - -12) + -14?
-11
Calculate 2 - ((7 - 4) + 2).
-3
Evaluate 0 + 12 + -24 + 7.
-5
Calculate -23 + 13 - (1 - 4 - 0).
-7
Calculate (6 - 8) + -9 + 6.
-5
Evaluate -2 - (-1 - (-3 - (-3 - 0))).
-1
-8 - 1 - (104 + -112)
-1
Calculate 8 - 6 - (2 + -5).
5
What is (-8 - -16) + -15 - -12?
5
Calculate 5 - (3 - 4) - (-10 - -12).
4
What is 2 - 6 - (-7 + 4 - -1)?
-2
Evaluate -5 - (-8 + 1 - -8) - 2.
-8
What is 1 + 0 - (4 - 1)?
-2
Evaluate -1 - (1 + 3 - 0).
-5
Evaluate -3 + (-43 - -49) + (1 - 0).
4
What is (10 - (-4 - -9)) + -1?
4
What is (0 + 12 - 5) + (-3 - 0)?
4
What is -72 + 62 - (-8 - 0)?
-2
Evaluate 11 + -12 + (1 - 3) + 0.
-3
Evaluate 5 + (9 - (12 + 5)).
-3
Calculate (-1 - -1) + 1 - 8.
-7
Evaluate -12 + 0 + 5 + 5.
-2
-84 - -88 - (0 - -2)
2
What is the value of 2 + 0 + -1 + -66 + 66?
1
Evaluate -2 + -1 + -18 + 1 + 11.
-9
Calculate -3 - (1 + (1 - 4)).
-1
Calculate 3 + -2 - (5 + -4 + -4).
4
What is (-5 - (-18 - -16)) + -1 + 8?
4
Evaluate (3 - 3 - -8) + -1.
7
Evaluate 4 + (-16 - -3) - -13.
4
4 - (4 - (1 + 4 + -2))
3
What is 0 - -1 - (-58 - -52)?
7
What is the value of -8 - (-3 - -2) - -3?
-4
-11 + (1 - (-11 - -6))
-5
-3 + -1 - (31 - 27)
-8
What is -6 + 11 + 0 + -9?
-4
What is (15 - 9) + -14 + 9?
1
What is 6 + (0 - (2 + -1) - 2)?
3
0 + (-1 - (0 - (3 - 0)))
2
0 + -2 + 0 + -1
-3
(-2 + 1 - 2 - -7) + 1
5
What is 1 + -6 + 4 - -3?
2
What is the value of -6 - (8 + -15 + 8 + -8)?
1
What is (5 - 4) + -9 + 7 + -6?
-7
Evaluate 4 - 1 - (-4 + -2) - 2.
7
What is the value of 4 + (-9 - -2) + 2?
-1
Calculate 1 - (-8 + 11) - (-1 + -3).
2
3 - (-2 - -10 - 1) - 0
-4
What is the value of -6 - -4 - (-6 + 1) - 1?
2
Evaluate (3 - -1 - (-5 - -7)) + 1.
3
What is the value of 2 + 0 + 4 + (-4 - 0)?
2
What is -4 - (-3 + (-1 - -5) + -1)?
-4
-5 - -11 - (7 - 1)
0
Evaluate -2 + 1 - 3 - -9.
5
What is -2 + 6 + -7 + 4?
1
Evaluate 2 + (5 - (-2 - (-6 - -1))).
4
What is the value of 6 + 1 - 8 - (0 - 0)?
-1
-2 + 10 + (8 - 3) + -3
10
What is the value of 7 + (-7 - (-6 - -10))?
-4
What is the value of 0 - (3 + -3 - 4)?
4
0 + -1 - (-37 + 35)
1
-53 - -54 - (6 - 0) - -8
3
3 + (-13 - -3) - -4
-3
-7 + (6 - (6 - (2 + 2)))
-3
Calculate 1 + (4 - 10) + 0.
-5
What is the value of -13 + 16 + -2 - 3?
-2
Evaluate -10 + (2 - 0) + (18 - 13).
-3
-3 - (-8 + (9 - 3) + -1)
0
Evaluate 6 + (2 + (3 - 4) - 3).
4
(-12 - -8) + (2 - 2)
-4
Evaluate 1 + -7 - (-38 + 35).
-3
Calculate (2 - (-2 - -6)) + 3.
1
What is the value of 10 + (-7 - 9) - -2?
-4
(19 - (5 + 4)) + -16
-6
-8 + (13 - (-1 + 3))
3
What is the value of 0 - 0 - (5 - 5)?
0
-49 + 55 + (2 - 8)
0
Evaluate -1 - -4 - (35 + -32).
0
What is the value of 4 + (-1 + -11 - -4)?
-4
What is -3 + (-4 + 5 - -6)?
4
Calculate 3 - (8 - 7) - -5.
7
What is 0 - (5 + -3 + (3 - 1))?
-4
Evaluate 0 + -20 + 11 + 5.
-4
Calculate -1 + -8 + (-1 - 5 - -11).
-4
Evaluate (1 - -3) + (-6 - (26 + -22)).
-6
Evaluate 0 + (6 - (2 + -1)) - -1.
6
6 + 1 + (-7 - -4)
4
What is -17 + (-2 - -7) - -15?
3
What is 4 + (-6 - 3) + 2?
-3
Calculate 49 + -53 - (-9 - 0 - 0).
5
Calculate -6 - -3 - -6 - -1.
4
What is the value of 16 + -9 - (3 + -1)?
5
What is 3 + (-3 - -2 - (-1 - -6))?
-3
Calculate 4 + 0 - (-6 - (3 + -9)).
4
Calculate -13 + (-9 - -4 - -14).
-4
What is (-9 - -7 - 1) + (0 - -5)?
2
What is the value of 1 + (-3 - -1) + -2?
-3
Calculate (8 - 2 - 3) + -7.
-4
What is (1 - 4) + (1 - -4)?
2
Evaluate 8 + (-5 - (8 - 3)).
-2
-4 - (-8 - -5) - -3
2
What is (-3 - -1) + 3 + -4 + 3?
0
Calculate -4 + 4 + (5 - (5 - 1)).
1
What is (-5 - (3 - 0 - 8)) + 5?
5
Calculate -2 - (1 - (2 + 2)).
1
What is the value of -4 - (1 + -4 + 4 + -2)?
-3
Evaluate 0 + 2 - (4 - (-5 + 10)).
3
What is -2 - (1 + -7 - -5)?
-1
What is the value of 3 + -3 - 2 - 4 - -3?
-3
6 - 1 - (-58 - -67)
-4
What is -2 + 6 - (4 + -4)?
4
What is the value of 3 + (-6 - -5) + 2 + 0?
4
5 + (-1 - -5 - 4)
5
-5 - -4 - -5 - 9
-5
Calculate -8 + -5 + 13 - 3.
-3
Calculate (-8 - (-13 - -9)) + 0 + 8.
4
7 + 1 + 4 + -8
4
Evaluate 4 - ((-2 - -3 - -2) + 4).
-3
What is the value of (-4 + 3 - 3) + -2?
-6
What is the value of -1 + 1 - (15 - 13)?
-2
Calculate 1 + 0 - (11 - 5).
-5
What is the value of (-2 - -1) + -1 + 6 + -7?
-3
9 - (22 - 2) - (0 + -7)
-4
(-3 + 3 - -3) + (6 - 7)
2
What is the value of -6 + (7 - (-7 + 2) - 2)?
4
Calculate 0 + 1 + 0 + -318 + 315.
-2
What is the value of 1 + 4 - ((5 - 2) + -3)?
5
What is 5 + -9 + 5 + 3 - 7?
-3
Evaluate -4 - -7 - 9 - -3.
-3
Calculate (-7 - (4 - (0 + 5))) + 10.
4
Evaluate (3 - 0) + (3 - (1 + 1)).
4
6 + -13 + 8 - 0
1
Calculate (1 - (-1 - -1)) + -3 + 1.
-1
What is the value of 1 - (7 + -12 - (-2 - 8))?
-4
What is the value of (0 - -1) + 1 + -10?
-8
Calculate 0 + 2 + 0 + (29 - 37).
-6
What is -8 - (1 - 1) - (7 - 10)?
-5
(152 - 155) + 9 + -1 + 1
6
What is -3 + (11 - (21 + -9))?
-4
Calculate 2 + -3 + -1 + (-1 - -5).
2
2 + -4 + 2 - (0 + 4)
-4
What is the value of 3 + -9 - (-6 - -3)?
-3
What is the value of 0 + 0 - (4 - 7)?
3
1 - (-8 + 5 - -3)
1
Evaluate 11 - (-14 - -14) - 3.
8
Evaluate -4 + (1 - (5 - (-3 + 14))).
3
Evaluate 1 + 5 + (-7 + 11 - 6).
4
Evaluate (6 - 6) + -4 + -1.
-5
What is the value of (-9 - -3 - -4) + (0 - 1)?
-3
(-33 - -35) + (-9 - -3)
-4
-4 + 16 - (-30 - -34)
8
Evaluate 3 - (-16 + 20) - (1 + -2).
0
What is the value of 5 - (7 - 3 - 2)?
3
10 - (-5 + 12 + -6 + 2)
7
Evaluate -1 + -8 + 10 - 10.
-9
What is (1 - -5) + 13 + (4 - 13)?
10
What is the value of (7 - -1 - 3 - 2) + 0?
3
-5 - (-6 + (-5 - -10))
-4
Evaluate (0 + -4 - 3) + 3.
-4
-2 + (2 - -3 - -1)
4
What is -2 + (3 - 1 - (0 - -1))?
-1
What is the value of 6 + -8 + -3 - -1?
-4
What is -15 + (12 - (14 - 7))?
-10
Evaluate 11 + 2 + -9 + 1.
5
What is -2 + 4 - (1 - (3 - 7))?
-3
Calculate 1 + 3 - (-6 + -3 - -13).
0
What is the value of -6 + -16 + 33 - (1 - -2)?
8
Evaluate 7 - (2 + (3 - 5)).
7
What is the value of -19 - -19 - (1 + -8)?
7
Calculate 5 + -3 + (4 - 0) + -2.
4
What is the value of 11 - 6 - (10 - (2 - -7))?
4
Evaluate (-7 - (1 - 6)) + 0.
-2
Calculate 3 + -9 - (-7 + (-2 - -4)).
-1
Evaluate -3 - -6 - 4 - -3 - 4.
-2
-6 - -13 - (2 - -10)
-5
-2 + 0 + (3 - 1)
0
Calculate (24 - 25) + (-1 - 1).
-3
Calculate -3 + (9 - 3 - (2 - -8)).
-7
What is the value of 4 + (-9 - -7) + 4?
6
What is 5 - 4 - (7 + -4)?
-2
What is 25 + -19 - (8 - 1) - 0?
-1
What is the value of (-2 - 8) + 13 - (0 + -1)?
4
What is -14 - -11 - (-2 + 2 - -2)?
-5
What is 1 - (1 + 3 + 1)?
-4
What is the value of (15 - 9) + (5 - -1) + -5?
7
What is -13 + (6 - 2) + 3 + 6?
0
-4 + 12 + -1 - 6
1
What is the value of 2 + -14 + -7 + 8 + 0?
-11
What is the value of -3 + -2 - (-1 + 0 + 1)?
-5
Calculate 8 + 2 + -3 - 7.
0
Evaluate -4 - ((-5 - (6 + -10)) + -2).
-1
Calculate (6 - 1) + (-11 - (-18 + 5)).
7
What is 0 + (2 - (3 + (1 - -2)))?
-4
-11 + (-10 - -15) - -15
9
What is the value of (0 - 2) + 21 + -18?
1
Evaluate -11 + (-3 - 1) + (12 - 1).
-4
Calculate (2 - 3) + -1 + 2.
0
Evaluate 4 - (-4 - (3 - 10)).
1
What is the value of -1 + (-11 - -12) + -8?
-8
What